se 13) in base 2?
-100011110011
-41a (base 13) to base 4
-22323
9821 (base 15) to base 7
162616
Convert -2524 (base 6) to base 12.
-444
137 (base 9) to base 7
223
-1101010010 (base 2) to base 4
-31102
What is -341 (base 13) in base 15?
-275
Convert -1514 (base 8) to base 15.
-3b4
What is 100111111111 (base 2) in base 15?
b59
-1242 (base 13) to base 8
-5035
Convert 103210 (base 7) to base 16.
4615
What is -5088 (base 11) in base 16?
-1a5f
-3447 (base 10) to base 6
-23543
-1330 (base 6) to base 12
-246
Convert a6b1 (base 16) to base 10.
42673
Convert 12b1 (base 15) to base 4.
332113
What is 66 (base 16) in base 13?
7b
What is 24454 (base 8) in base 15?
31ca
Convert 21201 (base 5) to base 16.
592
-12768 (base 10) to base 15
-3bb3
Convert 2343 (base 7) to base 3.
1012000
Convert -4352 (base 7) to base 15.
-6db
What is -121200 (base 3) in base 9?
-550
Convert -187 (base 11) to base 2.
-11011000
What is 229 (base 10) in base 4?
3211
What is 819 (base 10) in base 13?
4b0
Convert -1775 (base 9) to base 14.
-6d6
What is -93 (base 13) in base 8?
-170
11110011110 (base 2) to base 14
9d4
-1242 (base 12) to base 4
-200102
3432 (base 5) to base 12
350
What is c1cd (base 14) in base 10?
33305
21210 (base 4) to base 11
507
-7530 (base 15) to base 5
-1243140
297a (base 12) to base 7
20062
Convert -1a9 (base 14) to base 15.
-180
What is 658d (base 14) in base 2?
100010010100001
2b8 (base 14) to base 5
4204
What is -203 (base 15) in base 4?
-13011
What is -3203 (base 5) in base 9?
-525
-15164 (base 7) to base 14
-176b
Convert -10113 (base 4) to base 2.
-100010111
Convert 755 (base 9) to base 11.
511
What is -324 (base 6) in base 8?
-174
What is 1a7a (base 12) in base 5?
101022
What is -27260 (base 8) in base 16?
-2eb0
What is -50020 (base 8) in base 3?
-1001010010
What is -48d (base 14) in base 11?
-757
698 (base 13) to base 11
946
Convert -252201 (base 7) to base 3.
-2100122200
72 (base 11) to base 9
87
-1024 (base 9) to base 6
-3251
Convert 109 (base 12) to base 11.
12a
Convert 6a56 (base 14) to base 13.
8561
What is 3a149 (base 12) in base 9?
131273
What is -223331 (base 6) in base 7?
-106105
416 (base 12) to base 9
730
Convert -169 (base 10) to base 3.
-20021
Convert -228 (base 16) to base 8.
-1050
-212 (base 7) to base 8
-153
Convert -6bb9 (base 14) to base 15.
-5873
Convert -2100112 (base 3) to base 13.
-a1c
What is 1000233 (base 4) in base 10?
4143
What is -1750 (base 10) in base 4?
-123112
What is -4372 (base 9) in base 4?
-302120
What is -2102113 (base 4) in base 8?
-22227
What is 104434 (base 7) in base 12?
a794
What is -504 (base 12) in base 15?
-334
What is 622 (base 14) in base 4?
102312
Convert -3417 (base 8) to base 16.
-70f
Convert 1111020220 (base 3) to base 13.
10485
What is -19b (base 12) in base 8?
-407
What is -176b (base 14) in base 6?
-31255
-21113 (base 4) to base 15
-29e
Convert 101054 (base 6) to base 4.
1331122
-190b (base 12) to base 14
-116b
What is 101131 (base 4) in base 2?
10001011101
-27442 (base 8) to base 4
-2330202
Convert 3929 (base 13) to base 6.
101415
Convert 2d (base 15) to base 6.
111
-385 (base 13) to base 11
-510
-b51 (base 16) to base 15
-cd2
Convert 52444 (base 7) to base 6.
135451
2101144 (base 5) to base 8
103365
110100110 (base 2) to base 7
1142
4526 (base 9) to base 3
11120220
What is -11120231 (base 4) in base 8?
-53055
What is 121020 (base 3) in base 5?
3223
What is 100 (base 3) in base 11?
9
-1562 (base 7) to base 9
-772
Convert 57625 (base 9) to base 7.
220001
Convert 121a2 (base 11) to base 10.
17536
Convert -2220013 (base 5) to base 11.
-27135
1100001110 (base 2) to base 10
782
Convert 51708 (base 9) to base 11.
23699
4a33 (base 14) to base 5
403411
-2756 (base 12) to base 7
-16131
-1317 (base 10) to base 14
-6a1
What is 989 (base 11) in base 13?
703
Convert 439 (base 16) to base 7.
3103
-1011111 (base 3) to base 8
-1522
Convert -1324 (base 5) to base 14.
-114
Convert -21111 (base 4) to base 3.
-211010
What is 14c (base 14) in base 4?
10020
-3356 (base 7) to base 14
-62d
3742 (base 10) to base 16
e9e
Convert 1508a (base 12) to base 2.
111001100101010
What is 1100010 (base 3) in base 5?
12400
-10212011 (base 3) to base 12
-1764
What is -1567 (base 10) in base 15?
-6e7
Convert 121211 (base 3) to base 10.
454
Convert 30231 (base 4) to base 13.
4a7
What is 1140 (base 7) in base 15?
1d0
-5c7 (base 14) to base 13
-6ab
762 (base 12) to base 8
2072
Convert 1010103 (base 4) to base 10.
4371
What is -1b37 (base 13) in base 4?
-1000012
1233031 (base 5) to base 7
130245
125454 (base 6) to base 2
10110101101010
Convert 1000112010 (base 3) to base 7.
112332
-1241 (base 6) to base 5
-2223
What is -218 (base 14) in base 9?
-510
11001011111 (base 2) to base 9
2212
Convert 389 (base 11) to base 14.
24c
Convert -22202 (base 6) to base 4.
-300122
What is 1004230 (base 5) in base 16?
3f3e
Convert 19a (base 14) to base 4.
11030
Convert 3240 (base 6) to base 14.
3b2
Convert -284 (base 9) to base 11.
-1a7
Convert 533 (base 8) to base 7.
1004
10110011101001 (base 2) to base 14
4293
What is -100002210 (base 3) in base 16?
-19ec
0 (base 11) to base 12
0
1350 (base 11) to base 10
1749
-224 (base 12) to base 14
-188
-38ab (base 14) to base 11
-7527
Convert -17b9 (base 13) to base 15.
-10a7
4211 (base 10) to base 2
1000001110011
45209 (base 10) to base 7
245543
Convert b629 (base 12) to base 6.
232053
Convert -1ab6 (base 14) to base 9.
-6604
What is -1110100 (base 2) in base 14?
-84
What is -11022 (base 9) in base 3?
-101000202
Convert -6933 (base 12) to base 5.
-333303
-12c5 (base 16) to base 15
-1655
What is 4378 (base 11) in base 16?
168c
What is -40202 (base 11) in base 4?
-32112320
263 (base 14) to base 7
1253
What is -37a3 (base 16) in base 15?
-4348
What is 17a (base 13) in base 3?
101000
What is -2307 (base 9) in base 10?
-1708
What is 32131 (base 7) in base 15?
255a
3548 (base 15) to base 10
11318
Convert -21010 (base 3) to base 7.
-363
112450 (base 6) to base 15
2d03
23a (base 12) to base 6
1314
What is -12435 (base 10) in base 5?
-344220
Convert 8b1 (base 14) to base 4.
122323
Convert -50222 (base 6) to base 12.
-3972
What is -10010200 (base 3) in base 10?
-2286
Convert -43a (base 13) to base 5.
-10400
Convert 10010100101 (base 2) to base 9.
1561
-1d8 (base 16) to base 8
-730
Convert 11201021 (base 3) to base 11.
2644
115a (base 14) to base 6
21552
What is -12540 (base 7) in base 8?
-6440
What is -146053 (base 8) in base 9?
-78624
1 (base 6) to base 7
1
What is -213204 (base 5) in base 6?
-53452
What is -180 (base 15) in base 9?
-423
Convert -237c (base 13) to base 11.
-383a
What is -1401 (base 7) in base 6?
-2300
What is 672 (base 9) in base 7?
1415
What is -254 (base 7) in base 15?
-92
Convert -103071 (base 8) to base 12.
-17a75
-11a4 (base 13) to base 8
-4704
2b43 (base 15) to base 12
5460
Convert d104 (base 15) to base 16.
ac48
What is 1716 (base 9) in base 7?
3552
What is -277a (base 12) in base 2?
-1000111001110
What is -12110 (base 4) in base 6?
-1512
-1125 (base 16) to base 5
-120024
357 (base 10) to base 5
2412
What is 45 (base 15) in base 7?
122
19 (base 10) to base 7
25
What is 12361 (base 8) in base 6?
40453
Convert 18c (base 16) to base 14.
204
Convert af (base 16) to base 12.
127
Convert 256b (base 12) to base 15.
13de
Convert 2515 (base 8) to base 16.
54d
Convert 1540 (base 13) to base 4.
300112
-2732 (base 10) to base 4
-222230
What is 2143 (base 11) in base 9?
3784
What is 664 (base 7) in base 11?
28a
What is 3421 (base 13) in base 3?
101000011
Convert 121 (base 16) to base 9.
351
Convert -2430 (base 7) to base 13.
-546
Convert -40041 (base 6) to base 5.
-131314
Convert -120245 (base 7) to base 12.
-106b8
What is 4454 (base 13) in base 15?
2c58
What is -1100011 (base 2) in base 3?
-10200
Convert -ad (base 14) to base 10.
-153
What is -1122002 (base 3) in base 11?
-992
Convert 1a1 (base 15) to base 13.
22c
2110 (base 4) to base 16
94
What is 1c55 (base 14) in base 6?
35535
What is -2ba7 (base 16) in base 12?
-6573
Convert -1002 (base 14) to base 13.
-1333
110011011100 (base 2) to base 7
12412
-221 (base 5) to base 16
-3d
101102 (base 3) to base 2
100011001
-42156 (base 7) to base 11
-7887
-110111110 (base 2) to base 16
-1be
Convert 354 (base 12) to base 10.
496
401424 (base 5) to base 13
5a4c
-1352 (base 